)?
53
Let u = -361 - -610. Let r(c) = c**2 + 53*c + 442. Calculate the remainder when u is divided by r(-43).
9
Suppose -4*z = -4*g + 1992, -4*g - 20*z = -18*z - 1992. What is the remainder when g is divided by 70?
8
Suppose -171 = -5*d - 2*x, 3*d + 4*x = 6*d - 113. Calculate the remainder when 399 is divided by d.
14
Suppose -1454 + 297 = -2*k - 3*i, -3*i + 9 = 0. Let n = -505 + k. Calculate the remainder when 266 is divided by n.
59
Let j(p) = 14*p + 18. Let o be j(6). Suppose 11*r - o = -3. Let a = -10 - -16. What is the remainder when r is divided by a?
3
Suppose -3*m + 5*r + 95 = 0, 5*m - 163 + 9 = 4*r. Suppose -5*k + 3*k = -118. What is the remainder when k is divided by m?
29
Let l(a) = 676*a - 666. What is the remainder when 6148 is divided by l(1)?
8
Let j(n) = n**2 - 3*n - 5. Let h(i) = -2*i**3 - 53*i**2 + 101*i + 3423. What is the remainder when h(-26) is divided by j(-5)?
16
What is the remainder when (-7)/(-3) + (-27102)/(-18) is divided by 12?
8
Let k(c) = c + 6. Let v be k(-4). Let a(w) be the first derivative of 29*w**2/2 - 4*w - 13. What is the remainder when a(v) is divided by 7?
5
Let l = -83 - -58. Let k be 20/l + (-1022)/10. Let w = -60 - k. Calculate the remainder when w is divided by 15.
13
Let f = -546 - -373. Let z = f + 217. Calculate the remainder when 128 is divided by z.
40
Let j be ((-8)/4 - -11) + -4. Suppose 0 = j*n + 3*w - 4, -5*n + 3*n = -3*w + 11. Let g = 9 + n. Calculate the remainder when 19 is divided by g.
3
Let s(l) = -15*l + 57. Let p be s(-10). Let r = p + -305. Let m = 115 + r. Calculate the remainder when 101 is divided by m.
16
Suppose 0 = -x - 4*q + 241, -249 = -87*x + 86*x - 2*q. What is the remainder when x is divided by 84?
5
Let i(j) = 5*j**2 - 2*j + 3. Let w be (-6)/(-4) + 2/4. Calculate the remainder when 1 + 4 + 40 + (-1 - 9) is divided by i(w).
16
What is the remainder when 4 - (-23 - 23) - 15 is divided by (-3)/(-12) - 35/(-4)?
8
Suppose 4*z + 4*v - 34 = 190, -5*z + v + 286 = 0. Suppose 0 = 10*a - a - 54. What is the remainder when z is divided by a?
3
Suppose -z - 1215 + 223 = -17*z. Let r = -2 + 24. What is the remainder when z is divided by r?
18
Suppose 9*f + 2546 = -883. What is the remainder when 277 is divided by f/(-4) - (-2)/(-8)?
87
Let j = 303 - 309. Suppose 2*p - 2 = -10. What is the remainder when (-111)/p - j/(-8) is divided by 7?
6
Suppose 96 = 2*m + 6*m. Suppose 63 = -4*t + 75. Suppose t*n = 5*h + 21 - 3, -h - 6 = -n. Calculate the remainder when m is divided by n.
0
Let f(m) = 32*m**2 + 124*m - 508. What is the remainder when f(4) is divided by 84?
80
Let d(s) = -s**2 - 29*s + 54. Let v be (-2)/((-2)/(-2)) - (34 + -20). Calculate the remainder when d(v) is divided by 33.
31
Let f(i) = -2*i - 1 + 0 - 7 + 2. Let x be f(-5). Suppose -2*w - w + 76 = x*b, -b + 123 = 4*w. What is the remainder when w is divided by 5?
2
Let q = -111720 - -112289. Let y = -35 + 54. What is the remainder when q is divided by y?
18
Let m = -919 - -963. Let a = -205 + 511. What is the remainder when a is divided by m?
42
Suppose 10*k - 122 = -9 + 37. Calculate the remainder when 25 is divided by k.
10
Suppose 11*o + 0*o + 38654 = 0. Calculate the remainder when o/(-28) - (-1 - (-3)/2) is divided by 65.
60
Let b = -74 - -119. Calculate the remainder when (876/4380)/(2/590) is divided by b.
14
Let k(p) = -54*p**3 + p. Suppose 2*c + 2*t = 17 + 27, -c = -5*t - 16. Calculate the remainder when k(-1) is divided by c.
11
Suppose 5*o = 3*z + 1079, 4*z - 63 + 272 = o. Calculate the remainder when o is divided by 4 - 900/(-27) - (5 - 126/27).
32
Calculate the remainder when 2251 is divided by (3036/(-1771))/((-2)/203).
163
Let w = -10 - -20. Let y = -116 - -69. Let n = -19 - y. Calculate the remainder when n is divided by w.
8
Suppose 0*a = -2*a - p - 17, 44 = -4*a - 4*p. Let h(f) = 2*f**2 - 8*f - 9. What is the remainder when h(a) is divided by 61?
50
Suppose -4*c - 96 = -6*c. Let d = 3179 - 3148. What is the remainder when c is divided by d?
17
Calculate the remainder when 19859 is divided by 100 + (8/(-7) - (255/(-119) - 3)).
99
Suppose -45 + 666 = 3*p. Suppose -283*b + 286*b = p. What is the remainder when b is divided by 24?
21
Suppose 440*l + 225 = 455*l. Let i = 74 - -103. What is the remainder when i is divided by l?
12
Let a = -20895 + 21017. Calculate the remainder when 4876 is divided by a.
118
Suppose -7*w + 75 + 23 = 0. Suppose 2*f - 3 = l, 0*f - 2*l = -2*f - 2. Suppose f*j = 63 + 153. What is the remainder when j is divided by w?
12
Let x(j) = -j**2 + 24*j - 45. Let y be x(21). Let u(a) = -6*a + 115. What is the remainder when 53 is divided by u(y)?
4
Let u = 63 - -8. Let d(f) = -2*f**2 + 134*f + 438. Calculate the remainder when u is divided by d(70).
17
Suppose -62*t + 112*t + 222*t = 27744. What is the remainder when t is divided by 26?
24
Let g(q) = -1479*q - 2925. What is the remainder when g(-5) is divided by 13?
11
Suppose -t + 4*s + 42 = 0, 5*t - 239 - 21 = -5*s. Calculate the remainder when 743 is divided by t.
43
Let j be (1/(-2))/((14 - 1)/(-104)). What is the remainder when j + (-33)/9 + (-1626)/(-9) is divided by 47?
40
Suppose 11*k = 71*k - 4*k - 2688. Calculate the remainder when 1752 is divided by k.
24
Let m = -63 - -226. Let q = -28766 + 28777. Calculate the remainder when m is divided by q.
9
Let x = -77 - -138. Let r = -21 - -25. Suppose c = 28 + r. What is the remainder when x is divided by c?
29
Let u = 7 + -13. Let p be (0 - 34)*(-1)/(u/9). Let c = 74 + p. Calculate the remainder when 204 is divided by c.
20
Let l be 1/(-6) - (-237)/18. Suppose l*a - 11*a = 36. Suppose q - 35 = a. What is the remainder when q is divided by 19?
15
Suppose 0 = -5*h - o - 11 + 139, -5*h + 122 = 4*o. Calculate the remainder when (0 + 1)*(-196)/(-4) is divided by h.
23
Suppose 5*m - 4149 + 63 = -3*f, 0 = 2*f - 4. What is the remainder when m is divided by 68?
0
Let n = 1 + 2. Suppose 33 - 15 = n*w. What is the remainder when (-2)/6 - 372/(-9) is divided by w?
5
Let v be (-2)/2 + 4 + -42. Let r = v - -81. Suppose 4*u = 164 - 76. What is the remainder when r is divided by u?
20
Let m be 8/(-6)*(-60)/8. Let f be 156/m*(2 - 48/9). Let g = -25 - f. What is the remainder when g is divided by 5?
2
Let w(o) = 29*o**2 + 7*o**2 + 5 - 6*o - 5 - 5. What is the remainder when 69 is divided by w(-1)?
32
Let t be 162 - 0 - (-36)/6. Suppose 20*l - 6*l = t. What is the remainder when 34 is divided by l?
10
Let s = -2485 + 2971. Calculate the remainder when s is divided by 171.
144
Suppose 693*n - 280 = 337*n + 321*n. Calculate the remainder when 258 is divided by n.
2
Suppose 2*w = -0*w + 62. Let j be (0 + 2)/(6/33) + -2. What is the remainder when (-3)/(-9) - j/(81/(-1086)) is divided by w?
28
Suppose -161 = -4*j + 119. Suppose 3*u - j = 5*t, t = -0*t - 5. Let s = 94 - 55. What is the remainder when s is divided by u?
9
Suppose 0 = -2*k - 4, -3*g + 6747 = 3*k. Calculate the remainder when g is divided by 47.
42
Let l be 1*(-4)/(-2) - -167. Let q = l + -120. Suppose -1148*z = -1165*z + 306. What is the remainder when q is divided by z?
13
Let o(v) = v**3 + 33*v**2 + 41*v - 629. What is the remainder when 940 is divided by o(-31)?
16
Let t = -107 - -152. Suppose -2*r + 70 = 4*k, 0 = k + 7*r - 13*r + 41. Calculate the remainder when t is divided by k.
6
Suppose 0 = -8*k - k + 126. Suppose 21*c = k*c + 84. Suppose 6*s - 282 = 3*s. What is the remainder when s is divided by c?
10
Suppose 2*f = 20*f + 2196. Let x = f + 159. What is the remainder when x is divided by 13?
11
Suppose 2*o - f = 0, 3*o - 4*o = -5*f + 18. Suppose -4*t - 5*r = -8*t + 47, 4*r = o*t - 22. Calculate the remainder when t is divided by 10.
3
Let a be -194*(-4 - 28/(-8)). Let h = -51 + a. Suppose -5*q + 3*t = -108, 14*t - 9*t = 9*q - 196. What is the remainder when h is divided by q?
22
Let u = -6929 - -6945. Calculate the remainder when 1596 is divided by u.
12
Let q(n) = n**2 - 6*n - 197. Calculate the remainder when 175 is divided by q(-13).
25
Suppose 9886*c - 9847*c = 117. Calculate the remainder when 2001 is divided by c.
0
Suppose 4*z + 2 - 20 = -h, -z = 3*h + 1. Let k = 25 + -51. Let a = k - -28. What is the remainder when z is divided by a?
1
Suppose 4*r - 254 = -3*c, -3*c - 106 = -4*c + 4*r. Suppose 24*f + c = 34*f. Let n = 25 + f.